{"id":357,"date":"2019-02-18T21:33:51","date_gmt":"2019-02-18T20:33:51","guid":{"rendered":"http:\/\/www.labyrinthedemerville.com\/?page_id=357"},"modified":"2019-02-18T21:33:51","modified_gmt":"2019-02-18T20:33:51","slug":"mentions-legales","status":"publish","type":"page","link":"https:\/\/www.labyrinthedemerville.com\/?page_id=357","title":{"rendered":"Mentions l\u00e9gales"},"content":{"rendered":"<div class=\"container-wrap\">\n<div class=\"container main-content\">\n<div class=\"row\">\n<div class=\"page-graybox\">\n<div class=\"grayBox-group\">\n<h2 class=\"grayBox-title\">Entreprise<\/h2>\n<p>SARL CODESIMO au capital social de 97 625\u20ac<br \/>\n2, place du ch\u00e2teau \u2013 31330 Merville<br \/>\nn\u00b0 de siret : 481 183 879 000 16<\/p>\n<p>TVA intracommunautaire :\u00a0 FR 74 481183879<\/p>\n<\/div>\n<div class=\"grayBox-group\">\n<h2 class=\"grayBox-title\">Contact g\u00e9rance<\/h2>\n<p>Laurent de Beaumont : <span class=\"_Xbe _ZWk kno-fv\"><a class=\"fl r-ii9iAwcKnYww\" title=\"Appeler avec Hangouts\" data-number=\"+33561853234\" data-pstn-out-call-url=\"\" data-rtid=\"ii9iAwcKnYww\" data-ved=\"0ahUKEwi6-6fX5qTVAhXrCcAKHTH3BfsQkAgIqgEoADAZ\">05 61 85 32 34<\/a><\/span><\/p>\n<\/div>\n<div class=\"grayBox-group\">\n<h2 class=\"grayBox-title\">Directrice de publication<\/h2>\n<p>Isabelle de Beaumont<\/p>\n<h2 class=\"grayBox-title\">H\u00e9bergeur<\/h2>\n<p>Soci\u00e9t\u00e9 : OVH <a href=\"http:\/\/www.ovh.com\" target=\"_blank\" rel=\"noopener\">(www.ovh.com)<\/a><br \/>\nAdresse Postale : 2 rue kellermann BP 80157<br \/>\n59053 ROUBAIX Cedex 1, France<br \/>\nT\u00e9l\u00e9phone : +33 (0)8 203 203 63<br \/>\nAdresse \u00e9lectronique (E-Mail) : support@ovh.com<\/p>\n<h2>Donn\u00e9es techniques<\/h2>\n<p class=\"texte\">Il est rappel\u00e9 que le secret de toute correspondance n\u2019est pas garanti sur le r\u00e9seau Internet et que chaque utilisateur doit prendre toutes les mesures pour prot\u00e9ger ses propres donn\u00e9es et\/ou logiciels des \u00e9ventuels virus circulant sur Internet.<\/p>\n<h2>Droits d\u2019auteur<\/h2>\n<p class=\"texte\">La reproduction totale ou partielle, des pages ou des donn\u00e9es du site par quelque proc\u00e9d\u00e9 ou support que ce soit, est interdite et constitue sans autorisation de l\u2019\u00e9diteur une contrefa\u00e7on, puisque cette production rel\u00e8ve du droit en propri\u00e9t\u00e9 intellectuelle.<\/p>\n<h2>Cr\u00e9dit photos<\/h2>\n<p>Avant toute utilisation des visuels, \u00e0 titre personnel comme \u00e0 titre professionnel, doit faire l\u2019objet d\u2019une demande aupr\u00e8s du g\u00e9rant ou de la directrice de publication.<\/p>\n<\/div>\n<h2>Donn\u00e9es \u00e0 caract\u00e8re personnel<\/h2>\n<p><a href=\"http:\/\/www.labyrinthedemerville.com\/wp-content\/uploads\/2018\/07\/RGPD.pdf\" target=\"_blank\" rel=\"noopener\">Cliquez ici<\/a><\/p>\n<\/div>\n<\/div>\n<\/div>\n<\/div>\n","protected":false},"excerpt":{"rendered":"<p>Entreprise SARL CODESIMO au capital social de 97 625\u20ac 2, place du ch\u00e2teau \u2013 31330 Merville n\u00b0 de siret : 481 183 879 000 16 TVA intracommunautaire :\u00a0 FR 74 481183879 Contact g\u00e9rance Laurent de Beaumont : 05 61 85 32 34 Directrice de publication Isabelle de Beaumont H\u00e9bergeur Soci\u00e9t\u00e9 : OVH (www.ovh.com) Adresse Postale [&hellip;]<\/p>\n","protected":false},"author":1,"featured_media":0,"parent":0,"menu_order":0,"comment_status":"closed","ping_status":"closed","template":"","meta":{"footnotes":""},"yoast_head":"<!-- This site is optimized with the Yoast SEO plugin v21.3 - https:\/\/yoast.com\/wordpress\/plugins\/seo\/ -->\n<title>Mentions l\u00e9gales - Labyrinthe et Ch\u00e2teau de Merville<\/title>\n<meta name=\"robots\" content=\"index, follow, max-snippet:-1, max-image-preview:large, max-video-preview:-1\" \/>\n<link rel=\"canonical\" href=\"https:\/\/www.labyrinthedemerville.com\/?page_id=357\" \/>\n<meta property=\"og:locale\" content=\"fr_FR\" \/>\n<meta property=\"og:type\" content=\"article\" \/>\n<meta property=\"og:title\" content=\"Mentions l\u00e9gales - Labyrinthe et Ch\u00e2teau de Merville\" \/>\n<meta property=\"og:description\" content=\"Entreprise SARL CODESIMO au capital social de 97 625\u20ac 2, place du ch\u00e2teau \u2013 31330 Merville n\u00b0 de siret : 481 183 879 000 16 TVA intracommunautaire :\u00a0 FR 74 481183879 Contact g\u00e9rance Laurent de Beaumont : 05 61 85 32 34 Directrice de publication Isabelle de Beaumont H\u00e9bergeur Soci\u00e9t\u00e9 : OVH (www.ovh.com) Adresse Postale [&hellip;]\" \/>\n<meta property=\"og:url\" content=\"https:\/\/www.labyrinthedemerville.com\/?page_id=357\" \/>\n<meta property=\"og:site_name\" content=\"Labyrinthe et Ch\u00e2teau de Merville\" \/>\n<meta name=\"twitter:card\" content=\"summary_large_image\" \/>\n<meta name=\"twitter:label1\" content=\"Est. reading time\" \/>\n\t<meta name=\"twitter:data1\" content=\"1 minute\" \/>\n<script type=\"application\/ld+json\" class=\"yoast-schema-graph\">{\"@context\":\"https:\/\/schema.org\",\"@graph\":[{\"@type\":\"WebPage\",\"@id\":\"https:\/\/www.labyrinthedemerville.com\/?page_id=357\",\"url\":\"https:\/\/www.labyrinthedemerville.com\/?page_id=357\",\"name\":\"Mentions l\u00e9gales - Labyrinthe et Ch\u00e2teau de Merville\",\"isPartOf\":{\"@id\":\"https:\/\/www.labyrinthedemerville.com\/#website\"},\"datePublished\":\"2019-02-18T20:33:51+00:00\",\"dateModified\":\"2019-02-18T20:33:51+00:00\",\"breadcrumb\":{\"@id\":\"https:\/\/www.labyrinthedemerville.com\/?page_id=357#breadcrumb\"},\"inLanguage\":\"fr-FR\",\"potentialAction\":[{\"@type\":\"ReadAction\",\"target\":[\"https:\/\/www.labyrinthedemerville.com\/?page_id=357\"]}]},{\"@type\":\"BreadcrumbList\",\"@id\":\"https:\/\/www.labyrinthedemerville.com\/?page_id=357#breadcrumb\",\"itemListElement\":[{\"@type\":\"ListItem\",\"position\":1,\"name\":\"Accueil\",\"item\":\"https:\/\/www.labyrinthedemerville.com\/\"},{\"@type\":\"ListItem\",\"position\":2,\"name\":\"Mentions l\u00e9gales\"}]},{\"@type\":\"WebSite\",\"@id\":\"https:\/\/www.labyrinthedemerville.com\/#website\",\"url\":\"https:\/\/www.labyrinthedemerville.com\/\",\"name\":\"Labyrinthe et Ch\u00e2teau de Merville\",\"description\":\"\",\"publisher\":{\"@id\":\"https:\/\/www.labyrinthedemerville.com\/#organization\"},\"potentialAction\":[{\"@type\":\"SearchAction\",\"target\":{\"@type\":\"EntryPoint\",\"urlTemplate\":\"https:\/\/www.labyrinthedemerville.com\/?s={search_term_string}\"},\"query-input\":\"required name=search_term_string\"}],\"inLanguage\":\"fr-FR\"},{\"@type\":\"Organization\",\"@id\":\"https:\/\/www.labyrinthedemerville.com\/#organization\",\"name\":\"Labyrinthe et Ch\u00e2teau de Merville\",\"url\":\"https:\/\/www.labyrinthedemerville.com\/\",\"logo\":{\"@type\":\"ImageObject\",\"inLanguage\":\"fr-FR\",\"@id\":\"https:\/\/www.labyrinthedemerville.com\/#\/schema\/logo\/image\/\",\"url\":\"https:\/\/www.labyrinthedemerville.com\/wp-content\/uploads\/2023\/01\/merville2.png\",\"contentUrl\":\"https:\/\/www.labyrinthedemerville.com\/wp-content\/uploads\/2023\/01\/merville2.png\",\"width\":500,\"height\":152,\"caption\":\"Labyrinthe et Ch\u00e2teau de Merville\"},\"image\":{\"@id\":\"https:\/\/www.labyrinthedemerville.com\/#\/schema\/logo\/image\/\"}}]}<\/script>\n<!-- \/ Yoast SEO plugin. -->","yoast_head_json":{"title":"Mentions l\u00e9gales - Labyrinthe et Ch\u00e2teau de Merville","robots":{"index":"index","follow":"follow","max-snippet":"max-snippet:-1","max-image-preview":"max-image-preview:large","max-video-preview":"max-video-preview:-1"},"canonical":"https:\/\/www.labyrinthedemerville.com\/?page_id=357","og_locale":"fr_FR","og_type":"article","og_title":"Mentions l\u00e9gales - Labyrinthe et Ch\u00e2teau de Merville","og_description":"Entreprise SARL CODESIMO au capital social de 97 625\u20ac 2, place du ch\u00e2teau \u2013 31330 Merville n\u00b0 de siret : 481 183 879 000 16 TVA intracommunautaire :\u00a0 FR 74 481183879 Contact g\u00e9rance Laurent de Beaumont : 05 61 85 32 34 Directrice de publication Isabelle de Beaumont H\u00e9bergeur Soci\u00e9t\u00e9 : OVH (www.ovh.com) Adresse Postale [&hellip;]","og_url":"https:\/\/www.labyrinthedemerville.com\/?page_id=357","og_site_name":"Labyrinthe et Ch\u00e2teau de Merville","twitter_card":"summary_large_image","twitter_misc":{"Est. reading time":"1 minute"},"schema":{"@context":"https:\/\/schema.org","@graph":[{"@type":"WebPage","@id":"https:\/\/www.labyrinthedemerville.com\/?page_id=357","url":"https:\/\/www.labyrinthedemerville.com\/?page_id=357","name":"Mentions l\u00e9gales - Labyrinthe et Ch\u00e2teau de Merville","isPartOf":{"@id":"https:\/\/www.labyrinthedemerville.com\/#website"},"datePublished":"2019-02-18T20:33:51+00:00","dateModified":"2019-02-18T20:33:51+00:00","breadcrumb":{"@id":"https:\/\/www.labyrinthedemerville.com\/?page_id=357#breadcrumb"},"inLanguage":"fr-FR","potentialAction":[{"@type":"ReadAction","target":["https:\/\/www.labyrinthedemerville.com\/?page_id=357"]}]},{"@type":"BreadcrumbList","@id":"https:\/\/www.labyrinthedemerville.com\/?page_id=357#breadcrumb","itemListElement":[{"@type":"ListItem","position":1,"name":"Accueil","item":"https:\/\/www.labyrinthedemerville.com\/"},{"@type":"ListItem","position":2,"name":"Mentions l\u00e9gales"}]},{"@type":"WebSite","@id":"https:\/\/www.labyrinthedemerville.com\/#website","url":"https:\/\/www.labyrinthedemerville.com\/","name":"Labyrinthe et Ch\u00e2teau de Merville","description":"","publisher":{"@id":"https:\/\/www.labyrinthedemerville.com\/#organization"},"potentialAction":[{"@type":"SearchAction","target":{"@type":"EntryPoint","urlTemplate":"https:\/\/www.labyrinthedemerville.com\/?s={search_term_string}"},"query-input":"required name=search_term_string"}],"inLanguage":"fr-FR"},{"@type":"Organization","@id":"https:\/\/www.labyrinthedemerville.com\/#organization","name":"Labyrinthe et Ch\u00e2teau de Merville","url":"https:\/\/www.labyrinthedemerville.com\/","logo":{"@type":"ImageObject","inLanguage":"fr-FR","@id":"https:\/\/www.labyrinthedemerville.com\/#\/schema\/logo\/image\/","url":"https:\/\/www.labyrinthedemerville.com\/wp-content\/uploads\/2023\/01\/merville2.png","contentUrl":"https:\/\/www.labyrinthedemerville.com\/wp-content\/uploads\/2023\/01\/merville2.png","width":500,"height":152,"caption":"Labyrinthe et Ch\u00e2teau de Merville"},"image":{"@id":"https:\/\/www.labyrinthedemerville.com\/#\/schema\/logo\/image\/"}}]}},"_links":{"self":[{"href":"https:\/\/www.labyrinthedemerville.com\/index.php?rest_route=\/wp\/v2\/pages\/357"}],"collection":[{"href":"https:\/\/www.labyrinthedemerville.com\/index.php?rest_route=\/wp\/v2\/pages"}],"about":[{"href":"https:\/\/www.labyrinthedemerville.com\/index.php?rest_route=\/wp\/v2\/types\/page"}],"author":[{"embeddable":true,"href":"https:\/\/www.labyrinthedemerville.com\/index.php?rest_route=\/wp\/v2\/users\/1"}],"replies":[{"embeddable":true,"href":"https:\/\/www.labyrinthedemerville.com\/index.php?rest_route=%2Fwp%2Fv2%2Fcomments&post=357"}],"version-history":[{"count":1,"href":"https:\/\/www.labyrinthedemerville.com\/index.php?rest_route=\/wp\/v2\/pages\/357\/revisions"}],"predecessor-version":[{"id":358,"href":"https:\/\/www.labyrinthedemerville.com\/index.php?rest_route=\/wp\/v2\/pages\/357\/revisions\/358"}],"wp:attachment":[{"href":"https:\/\/www.labyrinthedemerville.com\/index.php?rest_route=%2Fwp%2Fv2%2Fmedia&parent=357"}],"curies":[{"name":"wp","href":"https:\/\/api.w.org\/{rel}","templated":true}]}}